1220
Convert -3062 (base 9) to base 5.
-32433
What is 100011101 (base 2) in base 6?
1153
Convert 2484 (base 11) to base 10.
3238
What is 4144 (base 7) in base 2?
10110101101
What is 104241 (base 6) in base 12?
5081
-5a6 (base 13) to base 5
-12411
14a9 (base 13) to base 15
d5c
6784 (base 9) to base 10
5017
Convert 31d (base 16) to base 14.
40d
Convert 40b6 (base 13) to base 10.
8937
What is -1110110 (base 4) in base 12?
-3158
-16 (base 7) to base 13
-10
Convert -5794 (base 15) to base 12.
-a911
2364 (base 7) to base 11
72a
326 (base 9) to base 15
12c
Convert -2211021 (base 3) to base 9.
-2737
5450 (base 6) to base 4
103212
901b (base 12) to base 15
4935
Convert -3016 (base 10) to base 2.
-101111001000
What is -1038 (base 10) in base 15?
-493
10201 (base 4) to base 5
2124
-28a2 (base 13) to base 3
-22001201
What is -12b (base 12) in base 5?
-1204
What is 642 (base 8) in base 14?
21c
244 (base 7) to base 6
334
Convert 212200 (base 3) to base 10.
639
What is 1117 (base 10) in base 9?
1471
-50a (base 13) to base 2
-1101010111
What is 837 (base 12) in base 4?
102223
What is -1651 (base 9) in base 4?
-103231
501a (base 14) to base 9
20761
111220222 (base 3) to base 6
114555
What is 200202 (base 3) in base 7?
1322
Convert 16229 (base 10) to base 12.
9485
What is 10351 (base 6) in base 14?
747
What is 16b7c (base 15) in base 7?
424122
7b2 (base 12) to base 10
1142
What is -13785 (base 15) in base 6?
-1201042
What is 1301 (base 6) in base 15?
16a
What is -51 (base 13) in base 3?
-2110
-30113 (base 4) to base 7
-2210
-46c5 (base 13) to base 8
-23353
What is 4c1 (base 15) in base 16?
439
2454 (base 12) to base 10
4096
-5876 (base 11) to base 15
-243b
-98 (base 12) to base 11
-a6
Convert 2b0b (base 13) to base 12.
3760
What is 565 (base 9) in base 6?
2052
What is -346 (base 12) in base 16?
-1e6
49ac (base 16) to base 4
10212230
What is -697 (base 11) in base 10?
-832
What is 1051 (base 7) in base 6?
1431
Convert -1614 (base 11) to base 14.
-a80
What is 10021332 (base 4) in base 2?
100001001111110
Convert -2162 (base 12) to base 11.
-2840
Convert 518 (base 9) to base 12.
2b2
Convert 2012211 (base 3) to base 13.
973
What is -302102 (base 4) in base 12?
-1a42
Convert -2a39 (base 12) to base 11.
-3792
aa (base 15) to base 11
136
Convert -a5 (base 12) to base 7.
-236
Convert -217 (base 15) to base 2.
-111011000
What is 703 (base 12) in base 8?
1763
Convert 972a (base 12) to base 7.
66244
What is c752 (base 13) in base 7?
143336
3424241 (base 5) to base 11
41a83
What is 1000111111 (base 2) in base 5?
4300
What is 16294 (base 10) in base 11?
11273
What is -601 (base 16) in base 15?
-6c7
What is 705 (base 14) in base 13?
81c
-21222201 (base 3) to base 12
-3454
Convert 1406 (base 7) to base 15.
265
What is -3168 (base 11) in base 8?
-10134
What is 35255 (base 7) in base 13?
4178
What is -1000000110 (base 2) in base 9?
-635
What is -320133 (base 4) in base 12?
-2113
Convert 2033 (base 6) to base 7.
1215
Convert 1ab9 (base 13) to base 4.
333013
What is 23100 (base 4) in base 12?
500
Convert -10644 (base 10) to base 15.
-3249
What is 212111 (base 3) in base 5?
10014
Convert -9789 (base 10) to base 11.
-739a
What is 131033 (base 4) in base 14?
979
Convert 2666 (base 11) to base 9.
4664
101212020 (base 3) to base 14
2c57
What is 110020 (base 3) in base 5?
2310
-46283 (base 9) to base 4
-13202013
838 (base 10) to base 14
43c
1121223 (base 4) to base 13
27c6
1f8 (base 16) to base 15
239
Convert 220431 (base 6) to base 15.
5657
What is -ccb6 (base 13) in base 7?
-146132
What is 23a (base 13) in base 15?
1ac
What is -121200200 (base 3) in base 14?
-4612
Convert -1401 (base 6) to base 9.
-441
Convert -447 (base 15) to base 4.
-33013
-142 (base 11) to base 3
-20012
-d0b (base 14) to base 15
-b59
493 (base 15) to base 12
726
What is 7d (base 15) in base 7?
226
-3983 (base 10) to base 13
-1a75
3a62 (base 13) to base 8
20251
What is -18012 (base 13) in base 5?
-2434102
What is 7702 (base 10) in base 8?
17026
Convert -76a (base 14) to base 5.
-21331
What is -3ba (base 13) in base 12?
-470
Convert 3342 (base 7) to base 3.
1122200
-a389 (base 11) to base 10
-13770
Convert 103243 (base 6) to base 10.
8523
What is -871 (base 10) in base 13?
-520
-2701 (base 8) to base 14
-773
Convert 2808 (base 13) to base 5.
141004
Convert -10110 (base 2) to base 8.
-26
What is 20462 (base 7) in base 16?
13b2
Convert 7093 (base 10) to base 4.
1232311
What is 56358 (base 10) in base 16?
dc26
Convert 870 (base 12) to base 6.
5420
What is 4d71 (base 14) in base 16?
3537
Convert 3334 (base 7) to base 10.
1201
What is 84a1 (base 11) in base 10?
11243
What is 13275 (base 9) in base 4?
2030102
Convert -201020121 (base 3) to base 6.
-144541
What is -28577 (base 10) in base 6?
-340145
What is -8b1 (base 13) in base 16?
-5d8
What is -153 (base 16) in base 2?
-101010011
-38c (base 14) to base 12
-4b4
What is 5255 (base 7) in base 5?
24403
What is 11000111 (base 2) in base 11?
171
What is -11947 (base 10) in base 9?
-17344
What is -661 (base 10) in base 5?
-10121
Convert -202010 (base 4) to base 10.
-2180
Convert -2043 (base 6) to base 2.
-111001011
What is 242530 (base 6) in base 8?
51566
What is 83 (base 11) in base 6?
231
-17f8 (base 16) to base 9
-8367
What is -23421 (base 8) in base 2?
-10011100010001
Convert -3758 (base 11) to base 12.
-2a07
What is -1502 (base 16) in base 15?
-18d8
What is 1000000001101 (base 2) in base 9?
5565
-27564 (base 8) to base 15
-38ed
What is -1168 (base 9) in base 7?
-2354
What is -566 (base 7) in base 14?
-16d
Convert 11357 (base 11) to base 16.
400d
What is 3200 (base 8) in base 4?
122000
1023121 (base 4) to base 3
20121201
What is 2a63 (base 16) in base 8?
25143
Convert 48bf (base 16) to base 4.
10202333
1607 (base 13) to base 5
100333
What is 121222 (base 3) in base 4?
13022
-753 (base 9) to base 16
-267
What is -21a8 (base 11) in base 6?
-21233
What is 2672 (base 8) in base 11?
1113
-277 (base 10) to base 11
-232
What is 12ba (base 12) in base 11?
1692
What is -7177 (base 11) in base 8?
-22462
What is 10237 (base 8) in base 16?
109f
What is be1d (base 16) in base 10?
48669
553 (base 10) to base 7
1420
What is -10112022110 (base 3) in base 2?
-10000111101101011
Convert -1211 (base 16) to base 8.
-11021
What is -34c3 (base 16) in base 7?
-54244
-62 (base 15) to base 14
-68
1101110001001 (base 2) to base 15
214e
-26a1 (base 14) to base 2
-1101010010101
What is 116137 (base 8) in base 7?
224465
2702 (base 10) to base 6
20302
Convert -620a (base 11) to base 8.
-20056
1010110011111 (base 2) to base 15
1990
Convert -20871 (base 9) to base 6.
-144014
7a78 (base 12) to base 2
11010100111100
100001 (base 3) to base 16
f4
Convert -101010101001101 (base 2) to base 11.
-15452
Convert 8d3 (base 14) to base 15.
7bd
Convert -241 (base 7) to base 15.
-87
Convert 2206 (base 10) to base 5.
32311
44024 (base 5) to base 8
5706
What is 412 (base 5) in base 4?
1223
What is -20041 (base 5) in base 2?
-10011110111
-321304 (base 5) to base 7
-43400
31131 (base 4) to base 15
3c6
What is -212012 (base 3) in base 10?
-626
Convert 210 (base 12) to base 7.
606
What is 1b257 (base 12) in base 13?
15337
Convert -58740 (base 9) to base 7.
-222255
Convert -4092 (base 14) to base 10.
-11104
-4851 (base 11) to base 15
-1d33
-2313 (base 5) to base 9
-410
What is -115700 (base 8) in base 4?
-21233000
-511 (base 9) to base 14
-219
What is -2212011 (base 4) in base 5?
-320004
What is -15a6 (base 13) in base 12?
-1a0a
What is -40259 (base 10) in base 2?
-1001110101000011
6a3 (base 11) to base 6
3515
Convert -235 (base 11) to base 5.
-2110
13213 (base 4) to base 12
347
201 (base 16) to base 9
630
What is 126 (base 9) in base 14?
77
-2042 (base 9) to base 6
-10532
-17259 (base 11) to base 5
-1234024
5a28 (base 15) to base 13
8951
-3d9 (base 15) to base 5
-12004
Convert 12156 (base 7) to base 2.
110001101001
What is 6a0 (base 13) in base 6?
5144
-111112 (base 3) to base 12
-265
What is 11101111111 (base 2) in base 3?
2122002
Convert 1310002 (base 5) to base 12.
129b7
What is 111011000 (base 2) in base 13?
2a4
Convert 174 (base 12) to base 15.
107
What is -3214 (base 6) in base 11?
-604
-134 (base 5) to base 3
-1122
Convert 43326 (base 7) to base 14.
3d16
What is 5333 (base 9) in base 16?
f4e
What is 1361 (base 1